 the hundreds digit of j?
4
Let z be (5 - (-152)/(-28))/(1/(-7)). What is the units digit of z*(-2)/4*20126/(-87)?
7
Let f(s) = -531*s - 292. What is the thousands digit of f(-4)?
1
Let u(b) = 28*b + 11*b + 18 - 45*b + 2*b**2. What is the tens digit of u(6)?
5
Let b(j) = 661*j**3 - 4*j**2 + 10*j + 18. What is the ten thousands digit of b(3)?
1
Suppose -4*n = -54*g + 56*g - 13334, -4*g + n = -26623. What is the units digit of g?
7
Let t(y) = -y**3 + 17*y**2 - 10*y - 29. Let i = -98 - -113. What is the units digit of t(i)?
1
Suppose -24 = 8*t - 6*t. Let j be (22/t + 2)*-16*-9. What is the tens digit of 1/(-3) + 2384/j?
9
Let r(c) = c + 0 - 1 + 4*c + 4*c**2 + 5. Let p be 0/(-1)*-1 + (-4 - -1). What is the tens digit of r(p)?
2
Suppose 4*k - 5*d - 6718 = 0, -5*k + d = 2*d - 8412. Suppose -w + 0*w + 337 = -g, 2*g + k = 5*w. What is the units digit of w?
6
Suppose -150586 = -2*o + 4*f, -o + f = 4*o - 376501. What is the thousands digit of o?
5
Let a(r) = 0*r**2 + 12 - 5*r**2 + 3*r**2 - 33*r + 8*r**2. What is the hundreds digit of a(11)?
3
Let s = 61040 - 24338. What is the hundreds digit of s?
7
Suppose 58*f = 107*f - 1177470. What is the hundreds digit of f?
0
What is the units digit of ((-2186)/8)/(63/(-2268))?
7
Let o = 40 - 22. Let f(t) = -2*t**3 + 25*t**2 - 71*t + 1. Let q be f(8). What is the tens digit of (q/o)/(2/320)?
8
What is the units digit of (-120)/96 - (1 + (-53050)/8)?
9
Suppose -4468962 - 1322586 = -150*v + 6610452. What is the tens digit of v?
8
Let b(o) = o**3 - 32*o**2 - 32*o - 18. Let m be b(33). What is the hundreds digit of 1469 - 10/30*m?
4
Let d be (5 - 16) + -3 + 11. What is the tens digit of (d/2)/(12850/1428 + -9)?
7
Suppose -57*g - 51*g = -46*g - 1463014. What is the hundreds digit of g?
5
Suppose -3*a + 2*y + 148055 = 0, 5*y + 73776 = 2*a - 24942. What is the units digit of a?
9
Suppose -64 = 15*c - 139. Suppose 3*d = c*v + 2247, -3*d - v = -d - 1485. What is the units digit of d?
4
Let p(n) = -6*n - 4. Let c be p(8). Let o = c + 56. Suppose 5*j - 2*u = 428, o*u - 68 = -0*j - j. What is the units digit of j?
4
Suppose 9*u + 178217 = 55*u + 12157. What is the units digit of u?
0
Suppose 4*y - 3*v - 4969 = 0, 5 = -3*v + 8*v. Suppose 0 = -7*a + 18*a - y. What is the units digit of a?
3
Let t be (4/6)/((-2)/(-153)). Suppose -3*q = -3*h + q + 32, -4*h - 3*q = -t. Suppose z - h = -2. What is the units digit of z?
0
Suppose 8*p = -20*p + 1568. Suppose -67*n + 2959 = -p*n. What is the tens digit of n?
6
Suppose -p - 2*p + 168 = 0. Let h(q) = -q**2 - 17*q + 23. Let n be h(-20). Let r = p + n. What is the tens digit of r?
1
Let i = 55624 - 35270. What is the tens digit of i?
5
Suppose -12*p - 7196 = -37*p + 3529. What is the tens digit of p?
2
Let d(f) = -41*f + 26. Let v be d(-6). Suppose o - v = -7*o. What is the units digit of ((-6)/4)/((-3)/o) - -1?
8
Let y(m) = -3*m**3 - 86*m**2 + 47*m + 148. What is the units digit of y(-32)?
4
Let v(y) = 5*y**2 - 3*y - 1464. What is the tens digit of v(49)?
9
Suppose -t + 86089 + 12839 = 5*i, -79127 = -4*i - 3*t. What is the hundreds digit of i?
7
Let p(f) = 3*f + 15. Suppose -2*m - 24 = 2*m + 5*o, 53 = -3*m + 5*o. Let s be p(m). What is the units digit of ((-16)/(-10))/(s/(-135))?
2
Suppose 4*j - 550 = -j. Let q be 163/(6/48*8). Let u = q - j. What is the units digit of u?
3
Suppose -725 - 375 = 4*j + 2*x, -3*x = -3*j - 825. Let g = j + 877. What is the hundreds digit of g?
6
Let u(s) = -652*s**2 - 2*s - 2. Let c be u(-1). Let n = -318 - c. What is the units digit of n?
4
Suppose 4*z + 162 + 66 = 0. Let o = z + 15. What is the units digit of 21/o - (-2)/((-4)/(-5))?
2
Let n be 7 + 4 - (-3 + 7). Let j(y) = 4*y**3 + y**2 - 12*y - 6. What is the units digit of j(n)?
1
Suppose 14*u + 1239 = 7*u. What is the units digit of (-7 + u/(-21))/((-3)/(-483))?
0
Suppose 0 = -4*q - 3*b + 3415, 2*q - b - b = 1690. Let i = -3913 + 4085. Suppose -6*y + q = i. What is the hundreds digit of y?
1
Let i = -2451 + 4243. What is the thousands digit of i?
1
Suppose -16*w = -20*w, 3*w - 202984 = -4*c. What is the hundreds digit of c?
7
Let x(d) = 2652*d - 167. What is the tens digit of x(3)?
8
Let g = 31581 + -21514. What is the units digit of g?
7
What is the thousands digit of 91932/34 - (968/(-136) + 7)?
2
Suppose 0 = 3*x - 5*f - 12111, 4*f - 8096 = 22*x - 24*x. What is the hundreds digit of x?
0
Let q = 1501 - 25. Let p = q - 733. What is the units digit of p?
3
Let f be -55 - -62 - (0 - -1). What is the tens digit of -2274*3/(f/(-1))?
3
Suppose -4*i + 3*a = 328 + 81, i = 2*a - 96. Let g = i - -194. Suppose 2*p - p - g = 0. What is the tens digit of p?
8
Let s be ((1/(-7))/1)/(120/(-840)). What is the hundreds digit of ((27/(-6))/(-1))/(s/30)?
1
Let s be (-1 + 25)*(-123)/(-9). Let b be 0 + (6 + -2 - (0 + 5)). What is the units digit of s/14 + b/7*3?
3
Suppose -4443257 = -208*l + 3115778 + 89125. What is the thousands digit of l?
6
Suppose -5*c + b + 6 = 0, 5*c + 0*b + 6 = 4*b. Suppose -5*g = 0, 0 = 4*n - c*g - 3*g. What is the tens digit of (-17 - -5)/4 + (n - -99)?
9
Suppose -2*k - 16 = -2*r - 2*r, -5*k = -2*r + 32. Let i(h) = -h**2 - 3*h + 14. Let z be i(k). What is the tens digit of 1198/6 - z/(-6)?
9
Let z = -536 - -583. Suppose -z*b - 16805 = -50551. What is the hundreds digit of b?
7
Suppose 2*q = -9*s + 5*s - 14, 3*s + 38 = 4*q. Let m(j) = -2*j**3 - 4*j**2 - 3*j + 3. What is the hundreds digit of m(s)?
3
Let d(y) = 2*y - 3. Let b be d(4). Suppose -2*t = -b*m + 3*m + 756, -t = 3*m - 1134. What is the units digit of m?
8
Let m = 40138 + -21399. What is the thousands digit of m?
8
Let r be ((-10)/25)/(3/15) - -84. Let s(a) = r*a**2 + 54 - 54. What is the tens digit of s(1)?
8
Suppose 28 + 12 = -2*h. Let r = 25 + h. Suppose -23 = -3*m + r*x, 2*m + 11 = 2*x + 33. What is the tens digit of m?
1
Let s = -31952 + 33043. What is the units digit of s?
1
Let o be (-24)/(-56) + (-218)/(-14). Let y be (-5)/(-20) + (-4)/o. Suppose y = 3*x - 2*x - 26. What is the units digit of x?
6
Let y = 2671 - 502. Let o = y + -1455. What is the units digit of o?
4
Suppose 2*c - 2*r = 6*c + 50, -4*r = 20. What is the units digit of (-6)/4*(-25)/c*-4?
5
Let l(o) = o**3 + 73*o**2 - 66*o + 778. Let j be l(-74). Suppose -4*z = -8*z + 344. Suppose -2*b + j = -z. What is the tens digit of b?
3
Suppose 8 = -i - 3*z, -5*i + 3*z + 8 = -42. Let q(a) = -2*a**2 + 10*a - 11. Let s be q(i). What is the units digit of (-5)/(-15) - 14/9*s?
1
Suppose 21*r - 4290 = -r. Let m = 739 - r. What is the hundreds digit of m?
5
Suppose 3*r + z - 353 = -2*r, 0 = 5*r - 3*z - 341. Let n be ((-18)/3)/((-21)/14) + -41. Let k = r - n. What is the tens digit of k?
0
What is the ten thousands digit of (-1)/(20/12) + 2644017/145?
1
Let z be 8*3/18*126. Let c = z + -106. Suppose -4*p - 5*g = -316, p = -g + 18 + c. What is the tens digit of p?
8
Let i = -961 + 369. What is the tens digit of ((-36852)/i)/((-6)/(-104) + 0)?
7
Let a = 45 - 31. Suppose -a*i + 17*i - 501 = 0. What is the tens digit of i?
6
Suppose d - 3*u = 137, 0 = -4*d - 2*u + 184 + 378. Let m = d + 124. What is the tens digit of m?
6
Let z = -9920 - -19306. What is the thousands digit of z?
9
Suppose 445*j + 2047975 - 16981599 = -141*j. What is the units digit of j?
4
Suppose 3*k + 20 + 145 = 0. Let t = k - -231. What is the tens digit of t?
7
Suppose 0 = -62*v + 47468 + 50492. What is the units digit of v?
0
Suppose j - 5*u = 9, -6*j + j = 2*u + 36. Let k(v) = -2*v**3 + v**2 + 9*v - 2. What is the hundreds digit of k(j)?
4
Let d be (56/(-5))/((-6)/(-30)). Let s = d - -66. Suppose 426 = s*i - 514. What is the tens digit of i?
9
Suppose 124*i = 132*i + 29758 - 176494. What is the thousands digit of i?
8
Let u(n) = n**3 + 10*n**2 + 9*n + 3. Let k be -13 + 8 - 4/1. Let c be u(k). Suppose -2*g + c*f - 6*f = -382, 0 = -5*g - 5*f + 945. What is the tens digit of g?
8
Suppose 14472 = 3*o - 4*g, -9608 = -6*o + 4*o - 4*g. What is the hundreds digit of o?
8
Suppose -4*z = 5*w - 1 - 21, 8 = -4*z. Let u(i) = 14*i + i**2 - 3*i + 8 + 8*i - 2*i. What is the hundreds digit of u(w)?
1
Suppose 7*v + 1680 = -91. Let t = -15 - v. Suppose s = -53 + t. What is the units digit of s?
5
Suppose -2*m + 4*y - 5*y = 27, -5*m - y = 63. What is the hundreds digit of 3485/6 - (-10)/m?
5
Let f be 58/18 - (40/36)/5. Suppose n - 